{"id":166,"date":"2013-09-25T11:02:46","date_gmt":"2013-09-25T09:02:46","guid":{"rendered":"http:\/\/spiele-aus-alter-zeit.de\/?page_id=166"},"modified":"2013-09-25T11:02:46","modified_gmt":"2013-09-25T09:02:46","slug":"gaensespiele","status":"publish","type":"page","link":"https:\/\/spiele-aus-alter-zeit.de\/?page_id=166","title":{"rendered":"G\u00e4nsespiele"},"content":{"rendered":"<p align=\"left\">\u201eG\u00e4nselaufspiele\u201c sind auf Bilderbogen gedruckte, lustige Gl\u00fccks- und Gesellschaftsspiele, die im 18. und 19. Jahrhundert bei Kindern, als auch bei Erwachsenen der Kn\u00fcller waren.<\/p>\n<p>Das G\u00e4nsespiel war vermutlich das in Europa am meisten verbreitete Spirallaufspiel. Die Spirale stellt den menschlichen Lebensweg dar, der von Gefahren, Zuf\u00e4llen und Tod bestimmt wird. Bilderbogen dieser Art waren bis Anfang des 20. Jh. \u00fcberaus beliebt und weit verbreitet. Sie sind ein liebenswertes Spiegelbild ihrer Zeit.<\/p>\n<p align=\"left\">Die meisten G\u00e4nsespiele aus der Bl\u00fctezeit enthalten 63 Felder. Dahinter steht offenbar eine uralte Zahlensymbolik. Die Spirale soll ein Spiegelbild des menschlichen Lebens darstellen.<\/p>\n","protected":false},"excerpt":{"rendered":"<p>\u201eG\u00e4nselaufspiele\u201c sind auf Bilderbogen gedruckte, lustige Gl\u00fccks- und Gesellschaftsspiele, die im 18. und 19. Jahrhundert bei Kindern, als auch bei Erwachsenen der Kn\u00fcller waren. Das G\u00e4nsespiel war vermutlich das in Europa am meisten verbreitete Spirallaufspiel. Die Spirale stellt den menschlichen Lebensweg dar, der von Gefahren, Zuf\u00e4llen und Tod bestimmt wird. Bilderbogen dieser Art waren bis [&hellip;]<\/p>\n","protected":false},"author":1,"featured_media":0,"parent":161,"menu_order":100,"comment_status":"closed","ping_status":"closed","template":"submenu.php","meta":{"footnotes":""},"class_list":["post-166","page","type-page","status-publish","hentry"],"_links":{"self":[{"href":"https:\/\/spiele-aus-alter-zeit.de\/index.php?rest_route=\/wp\/v2\/pages\/166","targetHints":{"allow":["GET"]}}],"collection":[{"href":"https:\/\/spiele-aus-alter-zeit.de\/index.php?rest_route=\/wp\/v2\/pages"}],"about":[{"href":"https:\/\/spiele-aus-alter-zeit.de\/index.php?rest_route=\/wp\/v2\/types\/page"}],"author":[{"embeddable":true,"href":"https:\/\/spiele-aus-alter-zeit.de\/index.php?rest_route=\/wp\/v2\/users\/1"}],"replies":[{"embeddable":true,"href":"https:\/\/spiele-aus-alter-zeit.de\/index.php?rest_route=%2Fwp%2Fv2%2Fcomments&post=166"}],"version-history":[{"count":1,"href":"https:\/\/spiele-aus-alter-zeit.de\/index.php?rest_route=\/wp\/v2\/pages\/166\/revisions"}],"predecessor-version":[{"id":167,"href":"https:\/\/spiele-aus-alter-zeit.de\/index.php?rest_route=\/wp\/v2\/pages\/166\/revisions\/167"}],"up":[{"embeddable":true,"href":"https:\/\/spiele-aus-alter-zeit.de\/index.php?rest_route=\/wp\/v2\/pages\/161"}],"wp:attachment":[{"href":"https:\/\/spiele-aus-alter-zeit.de\/index.php?rest_route=%2Fwp%2Fv2%2Fmedia&parent=166"}],"curies":[{"name":"wp","href":"https:\/\/api.w.org\/{rel}","templated":true}]}}